 b be ((-4)/(-8))/(2 + 9393/(-4698)). Calculate the highest common factor of b and 58.
29
Let v = 47 - 47. Let w = -19 + 35. Suppose -4*r + v*r + w = 0. Calculate the highest common factor of r and 2.
2
Suppose 7*k = 109 + 59. What is the highest common factor of 456 and k?
24
Let v(f) = f - 4. Let x be v(-12). Let q = x + 31. Let c(r) = -r**2 + 4*r + 2. Let m be c(3). What is the greatest common divisor of q and m?
5
Let q be ((-4)/(-6))/(26/(-1209)). Let c = q + 52. Calculate the greatest common divisor of c and 147.
21
Let q be 8 - 4 - 4 - -165. Suppose -296 = -2*l - 2*n, -q = -2*l + 2*n + 139. What is the greatest common divisor of l and 15?
15
Suppose 2*b = 2*o - 146, -81*o + 84*o + 2*b - 204 = 0. Calculate the highest common divisor of o and 35.
35
Let w = -48 + 105. Suppose -t - 5*o - 207 = -5*t, -t + w = -3*o. What is the greatest common factor of t and 72?
24
Let c(o) be the first derivative of o**3/3 + 3*o**2 - 8*o + 9. Let h be c(-8). Suppose -4*s = 90 - 314. What is the greatest common factor of s and h?
8
Let l = -65 - -76. Let t = 9 + l. What is the highest common factor of t and 220?
20
Let s be 59 + (1 - (-14 + 11)). What is the greatest common factor of s and 357?
21
Let w be ((-512)/40)/((-10)/850). What is the highest common divisor of 64 and w?
64
Let l be 36/(-45)*10/(-4). Let z be 235 + ((-12)/l - -2). What is the highest common divisor of z and 21?
21
Let q = 58 - 55. Suppose 3*o + 3*b = 156, b + 158 = q*o + 3*b. Calculate the greatest common divisor of 6 and o.
6
Let b be (-10)/(-50) - 28/(-10). Suppose -b*y + 10 = 2*y. Calculate the greatest common divisor of y and 5.
1
Let x(t) = t**3 - 5*t**2 - 2*t + 1. Let o be x(6). Let l = 44 - o. Suppose l + 16 = 5*g. What is the highest common factor of 63 and g?
7
Let o = -613 + 653. What is the greatest common divisor of 30 and o?
10
Let o be 1*1*(4 + 201). What is the highest common divisor of o and 82?
41
Let v = 259 + -104. What is the greatest common factor of v and 217?
31
Suppose 74*k - 85*k + 6292 = 0. What is the highest common divisor of k and 88?
44
Suppose 5*l + 4 = -16. Let a be (l/5)/(1/(-5)). Suppose 5*v - 7 + 17 = 0, 0 = -a*f - 3*v + 18. What is the highest common factor of f and 6?
6
Let t be 1*18*48/72. Let r = 24 - t. What is the highest common divisor of r and 24?
12
Suppose 5*o + 9 = 4*f - 0, 0 = 4*o - 12. Calculate the highest common divisor of 126 and f.
6
Suppose -4*l + 12 + 20 = 0. Calculate the greatest common factor of l and 256.
8
Suppose -44 = -3*h + 64. Let k = -765 - -909. What is the highest common divisor of h and k?
36
Suppose -2*k + 81 = -5*l, 2*k + k + 40 = -2*l. Let d = 3 - l. Suppose -4 = -q, 3*q = -5*a - 1 + 38. What is the highest common factor of a and d?
5
Suppose 0 = -4*p - 5*y, 2*y + 3*y + 25 = p. Let v be (9/(-18))/(1 + 657/(-654)). Suppose p*q + 29 = v. What is the highest common factor of 112 and q?
16
Let a be 2/8 + 172*(-9)/(-144). Calculate the greatest common divisor of 143 and a.
11
Suppose -x = 2*g + 13 - 63, 2*g - x = 46. Let w = 49 + -49. Let a be w + -1 + (4 - 0). Calculate the greatest common factor of a and g.
3
Suppose -6*b - 17 = -5. Let q(z) = z**3 - 7*z**2 + 2*z - 10. Let l be q(7). Let n = l + b. Calculate the greatest common divisor of n and 2.
2
Let q = -2 + 19. Let h = q - 3. What is the greatest common factor of h and 126?
14
Suppose -30*v = -36*v + 144. Suppose 768 = 5*s - s. Calculate the greatest common factor of s and v.
24
Let o be (-90)/(-1)*(-84)/(-15). Suppose -9*p - o = -12*p. Calculate the highest common divisor of p and 24.
24
Let o(y) = -y**3 - 9*y**2 - 8*y + 4. Let b be o(-8). Let n be (b/6)/(32/13200). Calculate the highest common divisor of 25 and n.
25
Let n = -398 - -739. Let a = -11439 - -11470. Calculate the highest common factor of n and a.
31
Let v(b) = -b**3 + 7*b**2 + 3*b - 9. Suppose 3*z - 15 - 1 = -t, t = -5. Let k be v(z). Calculate the highest common factor of 6 and k.
6
Let s(m) = -2*m**3 - 9*m**2 + 9*m - 16. Let x be s(-8). What is the highest common divisor of x and 27?
9
Let a(q) be the first derivative of -q**3/3 - 5*q**2/2 + 6*q + 26. Let n be a(-3). Let d be 20/6*36/10. What is the highest common divisor of d and n?
12
Let j be 686/10 - (-6)/15. Suppose 141 = 7*l - j. Let w be (-276)/(-14) - (-2)/7. What is the greatest common factor of w and l?
10
Let v be 201 - -2*25/(-10). What is the greatest common divisor of v and 147?
49
Suppose -2*t = 0, -h = -3*t - 4 - 7. Suppose -4*d - 5*u = -4*u - 9, -2*u = d - h. Let j be d - (-13)/2*2. Calculate the highest common divisor of 2 and j.
2
Let m(o) = o**3 + 6*o**2 - 9*o - 12. Suppose 19 - 31 = 2*n. Let j be m(n). Calculate the greatest common divisor of j and 14.
14
Let d be 363/6*((7 - 4) + 15). What is the greatest common divisor of d and 9?
9
Let p be (-18)/(-8)*(8/2 + 4). What is the highest common factor of p and 72?
18
Let c be -2 - ((2 - -46) + 1). Let i = c - -18. Let b = -22 - i. What is the highest common factor of b and 55?
11
Suppose 1441 = 14*u - 13*u - k, u + k - 1449 = 0. What is the greatest common divisor of 85 and u?
85
Let c(j) = -4*j + 70. Let v be c(16). Calculate the highest common divisor of v and 6.
6
Suppose -109*x + 5247 + 3146 = 0. Calculate the greatest common factor of 7 and x.
7
Let j = -954 + 1278. Calculate the greatest common divisor of 48 and j.
12
Let h(r) = -644*r + 1937. Let k be h(3). Let y = 8 - 3. What is the greatest common factor of y and k?
5
Let f be (-12)/15*105/(-14). Let b be (f/(-5))/((-21)/70). Calculate the highest common divisor of b and 36.
4
Suppose -z + 117 - 13 = 0. Let h(b) = 8*b**2 - 4*b + 2. Let i be h(2). Calculate the highest common divisor of z and i.
26
Let o be (15/(-6))/((-3)/24). Let z = o - 17. What is the highest common divisor of 12 and z?
3
Suppose -5*n + 8*n = 15. Let v = n + 7. What is the greatest common factor of v and 6?
6
Suppose 0 = -u + 4*w + 382, -3*w = 4*u + w - 1468. Calculate the greatest common divisor of 296 and u.
74
Let j be 46/4 + 34/68. What is the highest common divisor of 104 and j?
4
Let i(z) = 2*z**2 + 33*z - 49. Let b be i(14). Calculate the greatest common factor of b and 230.
115
Suppose -4*s - 5*u = -127, 2*u = -s - 125 + 159. Suppose -99 = -y + 125. Calculate the highest common divisor of y and s.
28
Let w = -91 + 64. Let n = 30 + w. Calculate the greatest common factor of n and 24.
3
Suppose -6*w + 332 = -3*w - b, -2*b = 2*w - 232. What is the greatest common factor of 7 and w?
7
Suppose -99 = -q + 93. Suppose 5*o - 25 = 0, -4*o + 7 = -3*a - 7. Suppose 0 = 4*b + l - 70 - 26, 0 = -a*l. What is the greatest common factor of b and q?
24
Suppose 0 = -2*p - 10, -2*z - 318*p + 4 = -314*p. Let b = -59 + 155. What is the greatest common factor of z and b?
12
Let k = 0 - -2. Suppose 2*z = -k*d + 18, z + 5 = 3*d - 6. Let l = d - -1. Calculate the highest common factor of 24 and l.
6
Suppose -2 = -3*b - h + 9, -b + 7 = -3*h. Suppose 4*y - n - 5 = 3*y, 4*n = 2*y - b. Calculate the highest common factor of y and 200.
8
Suppose 3*s = -s + l + 10, 8 = -4*l. Let x = 2 - s. Suppose d - 3*m = 4 + 26, -3*d - 2*m + 46 = x. Calculate the greatest common factor of 90 and d.
18
Let c = -3 - -6. Suppose 2*t + 14 = 4*i - 0*t, 0 = c*i - 5*t. What is the highest common factor of 2 and i?
1
Let y be 0 - -6 - 9/((-18)/28). Calculate the greatest common divisor of 80 and y.
20
Suppose 3*i = 4*r - 444, 4*r - 529 = 4*i - 89. Calculate the greatest common divisor of r and 57.
57
Let g be 4*129/(-36)*-3. Suppose -9*s = -176 - 2146. What is the greatest common divisor of g and s?
43
Suppose 20*b + 40 = 21*b. Suppose 409 = 2*s + 2*s - 3*t, -4*s = -5*t - 415. Calculate the greatest common factor of s and b.
20
Suppose -3*h = s - 155, -5*h - 2*s + 230 = -6*s. Suppose l + 4*i - 12 = 0, 47*i = 44*i - 6. Calculate the greatest common divisor of h and l.
10
Suppose -23*b - 738 = -26*b. Let o be ((-22)/(-33))/((-4)/b). Let w = o + 93. Calculate the greatest common divisor of 130 and w.
26
Suppose 16 = -4*c, c + 37 = 2*l - 41. Let z = 55 - l. Let r be (2/4)/(2/8). What is the highest common factor of z and r?
2
Let g be 2*2 - (0 - 5 - -7). Suppose -5*j + 1045 = k, -g*k = 5*j - 3*k - 1035. Let r be -1*(-52)/(-2)*-1. Calculate the greatest common divisor of j and r.
26
Suppose -24*